33 + (-1 - 8 - -12).
-61
What is -21 + (21 - (3 - -61)) - (-1 - -6)?
-69
What is 98 + 3 + 0 + 0 + 7 - (67 - 55)?
96
What is 37 - (-52 + 4 + 136)?
-51
What is 0 + -23 + 0 - (-266 + 549 - 283)?
-23
What is 1 + 4 + (-1 - 5 - (-41 + (17 - -18)))?
5
Evaluate -123 - -132 - (12 - (0 + 0 + -3)) - 41.
-47
-142 - -140 - (-2 - (-8 + 6))
-2
-11 - (101 - 147 - (-3 - -1))
33
Calculate -2 + 1 - ((-76 - 6 - -46) + 26).
9
20 - (-28 - (-48 - -24))
24
What is 2 - 38 - (4206 - 4133)?
-109
Evaluate (46 - (-38 - -52)) + -14.
18
Calculate 54 + -19 - 24 - -8 - 45.
-26
(113 - 101 - (0 + 9)) + 15 + 8 + -4
22
What is the value of (78 - 9 - -11) + (5 - (11 + 4))?
70
5 + (-9 + -4 + 66 + -50 - 86)
-78
Calculate 55 + (27 - 56) - (-11 - (-4 + -83)).
-50
What is the value of 3 - (42 - 44) - 41?
-36
-35 + -29 + (-216 - -216)
-64
(6 - (8 + 19 - 7)) + 22
8
What is -2 + (4 + 3 - 8) + 0 - 12?
-15
48 + (-152 - (-45 + -8))
-51
What is 324 - (-20 - -438) - (-2 - (13 + -1))?
-80
(-1 - -12) + 1 + 2 + -258 + 283
39
Calculate -2 + 28 - (44 - (51 - 74)).
-41
Evaluate -27 - (9 - 22) - (-68 + 10).
44
Evaluate -2 + -2 + 0 + 8077 + -8062.
11
Evaluate (-6 - 7 - 5) + 44 - 14.
12
Calculate (-23 - 16) + 19 + -14.
-34
Calculate 17 + -33 + 26 + (-8 - -41).
43
Evaluate 34 + 6 + -61 - 5.
-26
What is (10 - -7) + (-11 - (-26 + 12 - -83))?
-63
What is 7 + (-12 - (-2 + 1)) - (-6 + 3 - -7)?
-8
27269 + -27347 + (0 - 1 - (-2 + -3))
-74
What is the value of -17 + (-3 - (-5 - -10 - -3) - (2 + -10))?
-20
What is the value of (97 - 35 - 35) + -19?
8
Evaluate 12 + (14 + 2 - 37) + 24.
15
Evaluate (-31272 - -31309) + (20 - (-1 + 0)).
58
Calculate 28 + -1 + -71 + (73 - 3).
26
Evaluate -5 - (52 + (-142 - -56)).
29
Evaluate -117 - -56 - (-13 + (1 - 1 - 1)).
-47
19 + 0 + 0 - (-3880 + 3882)
17
2 - (-56 - -15) - (6 + 1)
36
What is 5 + -30 - -3 - (295 - 280)?
-37
Evaluate -35 + 4 + 7 + -25.
-49
What is the value of 17 - 96 - -95 - -51?
67
Evaluate -74 + 41 + -55 + 3 + -1.
-86
What is 64 - (64 + (7 - 24))?
17
Evaluate -39 + 8 + -1 + 0 + -5 + 2.
-35
What is (-6 - -2) + 34 + (186 - 184)?
32
(113 + -45 - 70) + -67 + (5 - 2)
-66
-85 + (-67 - (-30 - 56))
-66
What is 27 + (-4 - -8 - 14 - (2 + 1))?
14
Evaluate 17 - (-42 - -64) - (-6 - (6 + 57)).
64
Calculate (38 - -9) + (-57 - (19 + -49)).
20
Evaluate -4 + -14 + 19 - -37.
38
What is the value of (44 - 1) + 11 + -161 + 39?
-68
Calculate -46 + 0 + 2 + -12 + -9 + 23.
-42
-14 + (-15 + 37 + -16 - -17) + (-22 - -2)
-11
(13 - (20 + -7)) + 13 + (-1 - 1) - 62
-51
What is the value of -2 + (-5 - 16) + 21 + -28?
-30
Calculate 4 + -17 - (-133 - -61).
59
5 + (-15 - -1) - (-21 + 1 + -2 + 24)
-11
Calculate -92 + 35 + 37 - (14 + 1).
-35
Evaluate 19 + (-17 - (-3 - 16)) + 22 + (-1 - -9).
51
49 - (-11 + -8 + (-103 - -143))
28
Evaluate 19 + -7 + -9 + 8 - (2 + 2 + 5).
2
What is the value of 51 + (-21 - 14) + (1 + -6 - 39)?
-28
What is the value of 80 + (-25 - (-10 - (13 + -9 + 2)))?
71
What is the value of 9 + 22 - (-7 + 3) - 5?
30
What is the value of 36 - (515 + -523 + 7 + (-2 - -4)) - 11?
24
Calculate -41 + (15 + 1 - (-108 + 125)).
-42
(0 - (11 + -12)) + (-6 - (-5 + -4)) + -83
-79
Evaluate (-21 - -27 - 26 - -22 - -9) + (-64 - -1).
-52
(-3 + -49 - -4) + (140 - 126)
-34
30 + 61 + -95 + (17 - 1)
12
What is 108 - (6 - 0 - ((26 - -3) + -22))?
109
-7 + 2 + 16 + (-2 - 0) + -65 + 15
-41
-5 - (31 + 0 - (1053 + -1003))
14
4 + -12 - (-14 + (-3 - -51 - 15))
-27
Evaluate -6 + (9 - 14) + -9 + 10 + -2 + 3.
-9
Calculate 2 + 29 - (-107 + 121).
17
3606 + -3395 - (1 + 68)
142
Calculate 95 - ((-21 + (1 - 4) - -36) + (0 - 3)).
86
Evaluate (65 - (52 + 59) - -47) + 10 + (-1 - 0).
10
Evaluate (3 - 25) + (0 - -1) + 1.
-20
What is the value of 3 + 17 - (9 + -11 - -12 - (9 - -9))?
28
Calculate 12 - (5 + -2 + (-2 - (-29 + 24)) + 5).
1
3 - (19 + -17 + 22 + -23)
2
What is the value of 0 + -21 - (-69 + 138 + -74)?
-16
-28 - (-81 + 67 + -70)
56
75 - (8 + (-17 - (5 + 5 + -16) - -8))
70
Evaluate -12 + (-33 + -14 - -34 - (6 + -3 + -17)).
-11
What is (1 - -7) + -72 + (-86 - -212)?
62
What is -73 - (-6 + (-4 - 0) + (4 - (3 - 2)))?
-66
606 + -614 + (2 - (1 + -2)) + -79
-84
Evaluate (-5 - 37) + (-63 - -165).
60
Calculate (-3 - (9 - 11) - -8) + (-3 - -23) + -6.
21
What is 54 + -15 + -25 - 66?
-52
Evaluate -2 + (-30 - -2 - (-10 + 11)) + (-84 - -71).
-44
62 - (80 - (56 + -16))
22
(16 - (22 - -44)) + 39
-11
-115 + 40 + (-4 + 7 + 5 - -5)
-62
Evaluate (357 - 283 - (24 + -2)) + 23.
75
What is 15 - 34 - (2 - 5) - (-10 - -20)?
-26
What is the value of -10 + -11 + (44 + -13 - -22)?
32
8 - (4 + -5) - (22 - 35 - -69)
-47
39 - (-18 + 39) - 9 - (132 - -8)
-131
(-115 - -10) + 1262 + -1052
105
Calculate (7 - (22 + -23)) + 4 + -12 + 35.
35
What is -10 + 0 - 8 - (9 - 82)?
55
0 + -20 - (87 + 21 + -146)
18
-2 + (-2 - 7) + -10 + 36 + -27 + 2
-10
1 - ((4 - -2 - 23) + 8 + 13) - 5
-8
-2 + 59 - (62 - 71 - -8)
58
Calculate (46 - (-6 + (3 - 6))) + 14 + -25.
44
Evaluate (2 - (-11 + (-15 - (4 + -11)))) + -11.
10
2 + 6 + -2 + (-11 - (-11 + 20 + -41))
27
Evaluate 3 - (8 - ((0 - -12) + 8)) - (-1 + 101).
-85
720 + -784 + (6 - -1)
-57
What is the value of 46 + (-71 - (-31 + -3))?
9
Calculate -21 + -11 + (68 - (5 - -12)).
19
What is -1 + 2 + (16 + -11 + -23 - 13)?
-30
Calculate -85 - -138 - (-8 + -1 + -2).
64
What is -56 + 46 + 13 - -89?
92
Evaluate -113 - -25 - (3 + -73).
-18
Calculate 23 + (10 - (7 - -11)) - (1 - -6).
8
20 - (-105 + 87 + 27)
11
What is -191 + 197 - (12 - 26)?
20
Calculate -41 + 30 + 0 + (0 - -13) + -12 - 0.
-10
What is -53 + 42 + (65 - (5 - 0)) + 1?
50
Evaluate 53 + -92 + 34 - -2.
-3
Evaluate 3 + 0 - (-23 - (-13 - -17)) - (-17 + 20).
27
23 - -13 - (-3 + 4 + 16 - 7)
26
Calculate -15 + 89 + (-7 - -8) + 19 + 0.
94
What is the value of 9 + (37 - 70) + 67?
43
1139 + -1153 - (70 + -4)
-80
What is (14 + 55 - -15) + (6 - 27) + 19?
82
-42 + 18 + 0 + (-161 - -164)
-21
What is the value of -4 + (4 - 96) - (-537 - -525)?
-84
16 + (-54 - -47) + -16
-7
Evaluate -198 - -11 - -201 - (-98 - (-1 + 2 + 2)).
115
What is the value of (-161 - (-67 + -10)) + 87?
3
Evaluate (12 - 21 - (7 + -28)) + 41.
53
Evaluate -4 + -10 + (-7 - -24) + 0 + 18.
21
Evaluate -4 + -1 + -11 + (9 - 11) + 111.
93
Evaluate -1 + (4 - 0 - (-8 + 16)) + 13 - 68.
-60
What is the value of -317 + 361 - (8 + -9)?
45
15 + -1 + (-60 - -38) + -48 + 1
-55
12 + 2 + -4 + -27 + (-5 - -8)
-14
Evaluate 164 + -153 + 1 + 86.
98
What is 1 + 3 - (28 + -112 - -53)?
35
Calculate (-15 + 2 - 0) + (-43 - (47 + -62)).
-41
What is the value of (316 - 217 - (1 - 4 - -9)) + (-8 - 1)?
84
Evaluate 2954 + -2931 + (6 - (-2 + 1)).
30
What is -70 + (-126 + 141 - ((-4 - -14) + -2))?
-63
Evaluate 1213 - 1202 - (45 + -1).
-33
(-17 - (-15 + (19 - 0))) + -5 - -22
-4
What is 4 + (-50 - (-10 + (4 - 3) - (4 + -19)))?
-52
What is 88 + -12 + -108 + 76?
44
-46 - ((-7 - -22) + -70 + 54 + (8 - 0))
-53
What is 18 + (-13 - (-17 + 13)) - (-9 - (-1 + 59))?
76
What is -114 + 117 - ((-4 - -70) + -1) - (-11 - -8)?
-59
What is 41 + -9 + -13 + (4 - (56 - 10))?
-23
Evaluate 53 + (-5 - (-4 - -7 - 11)) + -10.
46
What is (-1 - (3 - 0)) + (70 - 13 - 30 - -14)?
37
What is 84 + (-72 - -36) + -25?
23
77 - (-79 + 49 + (0 - -17) - (4 + -28))
66
Calculate 2 + 43 - (8 - (2 + (11 - -1))).
51
-2 + (-31 - -31) + (5 + -3 - 12) - -38
26
Evaluate 47 + (8 - (16 - (-28 - -16))).
27
-2 - ((-14 + 2 - 9) + -11)
30
What is -25 + (1 - -22) + (-3 - (-7 - 5))?
7
Calculate -1 - -6 - (-68 - (-96 + 48)).
25
What is 1146 + -1149 - (18 - 0)?
-21
Calculate -84 + 7 + 71 + -27.
-33
What is (-79 - -61) + (-5 + -4 - 21)?
-48
Calculate 58 - (35 + -48 + 62).
9
1 - 2 - (118 + (16 + -16 - 18))
-101
What is 87 - (4 - (53 - 61))?
75
-9 + (-1 + -8 - (39 + (-21 - 26))) + 67
57
What is the value of -1 + -8 + 53 + -55?
-11
Evaluate (673 - 721) + 27 + (-9 - -2).
-28
What is (77 - 0) + (-2 + 20 - (-18 + 22)) + -14?
77
Calculate (-32 - -43) + (-38 + 31 - (18 + 1)) + 1.
-14
What is the value of -53 + 28 + -23 + 20 + 73?
45
(1 - (-42 - -32)) + -31 + (-2 - -3)
-19
What is the value of 31 + -92 + 57 + 46?
42
Evaluate -117 - (-2 + 3) - ((-31 - (4 - 23)) + 21).
-127
What is the value of -6213 - -6094 - (-195 - -3)?
73
Evaluate 5 + 10 + (1 - 14) + 2 + 6 - 59.
-49
What is the value of -20 + 1 + (1 - -3) + (14 + -3 - 9)?
-13
Evaluate (51 - (24 + 9)) + 5 + -8.
15
Calculate 58 - ((-3 - -4) + 27 + -20 + 7).
43